    01-13 01:02:49.473 D/GCM ( 3325): GcmService start Intent { act=com.google.android.gms.INITIALIZE pkg=com.google.android.gms cmp=com.google.android.gms/.gcm.GcmService } com.google.android.gms.INITIALIZE
    01-13 01:02:49.483 I/WindowManager( 244): WIN DEATH: Window{2b39efd8 com.android.settings/com.android.settings.ManageApplications paused=false}
    01-13 01:02:49.483 I/WindowManager( 244): WIN DEATH: Window{2b36e530 com.android.settings/com.android.settings.ApplicationSettings paused=false}
    01-13 01:02:49.563 I/dalvikvm( 6077): Could not find method android.app.admin.DevicePolicyManager.isDeviceOwnerApp, referenced from method com.google.android.gms.init.InitializeIntentService.onHandleIntent
    01-13 01:02:49.563 W/dalvikvm( 6077): VFY: unable to resolve virtual method 301: Landroid/app/admin/DevicePolicyManager;.isDeviceOwnerApp (Ljava/lang/String;)Z
    01-13 01:02:49.563 D/dalvikvm( 6077): VFY: replacing opcode 0x6e at 0x00e9
    01-13 01:02:49.593 D/dalvikvm( 6077): VFY: dead code 0x00ec-010e in Lcom/google/android/gms/init/InitializeIntentService;.onHandleIntent (Landroid/content/Intent;)V
    01-13 01:02:49.643 D/LocationInitializer( 6077): Restart initialization of location
    01-13 01:02:49.723 D/AuthorizationBluetoothService( 3325): Received GmsCore event: Intent { act=com.google.android.gms.INITIALIZE pkg=com.google.android.gms cmp=com.google.android.gms/.auth.be.proximity.authorization.bt.AuthorizationBluetoothService$AutoStarter }.
    01-13 01:02:49.723 E/AuthorizationBluetoothService( 3325): Proximity feature is not enabled.
    01-13 01:02:49.763 W/dalvikvm( 6077): VFY: unable to resolve static field 245 (CONTENT_RAW_CONTACTS_URI) in Landroid/provider/ContactsContract$Profile;
    01-13 01:02:49.763 D/dalvikvm( 6077): VFY: replacing opcode 0x62 at 0x0040
    01-13 01:02:49.763 D/dalvikvm( 6077): VFY: dead code 0x0042-00c1 in Lcom/google/android/gms/people/sync/a/a;.a (Landroid/content/Context;Lcom/google/android/gms/people/sync/v;)V
    01-13 01:02:49.763 W/dalvikvm( 6077): VFY: unable to resolve static field 245 (CONTENT_RAW_CONTACTS_URI) in Landroid/provider/ContactsContract$Profile;
    01-13 01:02:49.763 D/dalvikvm( 6077): VFY: replacing opcode 0x62 at 0x0288
    01-13 01:02:49.763 D/dalvikvm( 6077): VFY: dead code 0x028a-02c8 in Lcom/google/android/gms/people/sync/a/a;.a (Lcom/google/android/gms/people/sync/a/k;Lcom/google/android/gms/people/sync/v;)V
    01-13 01:02:49.803 W/GmsApplication( 6077): Using Auth Proxy for data requests.
    01-13 01:02:49.813 W/dalvikvm( 6077): VFY: unable to resolve static field 243 (CONTENT_MAX_DIMENSIONS_URI) in Landroid/provider/ContactsContract$DisplayPhoto;
    01-13 01:02:49.813 D/dalvikvm( 6077): VFY: replacing opcode 0x62 at 0x0004
    01-13 01:02:49.813 D/dalvikvm( 6077): VFY: dead code 0x0006-0022 in Lcom/google/android/gms/people/sync/a/a;.e (Landroid/content/Context;)I
    01-13 01:02:49.813 D/dalvikvm( 6077): VFY: dead code 0x0024-0026 in Lcom/google/android/gms/people/sync/a/a;.e (Landroid/content/Context;)I
    01-13 01:02:49.813 D/dalvikvm( 6077): VFY: dead code 0x002a-002e in Lcom/google/android/gms/people/sync/a/a;.e (Landroid/content/Context;)I
    01-13 01:02:49.813 W/dalvikvm( 6077): VFY: unable to resolve static field 245 (CONTENT_RAW_CONTACTS_URI) in Landroid/provider/ContactsContract$Profile;
    01-13 01:02:49.813 D/dalvikvm( 6077): VFY: replacing opcode 0x62 at 0x017e
    01-13 01:02:49.823 D/dalvikvm( 6077): VFY: dead code 0x0180-01fc in Lcom/google/android/gms/people/sync/a/a;.a (Lcom/google/android/gms/people/sync/v;Lcom/google/android/gms/people/d/p;)Lcom/google/android/gms/people/d/p;
    01-13 01:02:49.823 D/dalvikvm( 6077): Trying to load lib /data/data/com.google.android.gms/lib/libAppDataSearch.so 0x2afcdcd0
    01-13 01:02:49.853 D/dalvikvm( 6077): Added shared lib /data/data/com.google.android.gms/lib/libAppDataSearch.so 0x2afcdcd0
    01-13 01:02:49.853 D/dalvikvm( 6077): No JNI_OnLoad found in /data/data/com.google.android.gms/lib/libAppDataSearch.so 0x2afcdcd0, skipping init
    01-13 01:02:49.863 I/GoogleHttpClient( 6077): Falling back to old SSLCertificateSocketFactory
    01-13 01:02:49.873 E/dalvikvm( 6077): Could not find class 'android.security.KeyPairGeneratorSpec$Builder', referenced from method com.google.android.gms.auth.c.a.a
    01-13 01:02:49.873 W/dalvikvm( 6077): VFY: unable to resolve new-instance 374 (Landroid/security/KeyPairGeneratorSpec$Builder;) in Lcom/google/android/gms/auth/c/a;
    01-13 01:02:49.873 D/dalvikvm( 6077): VFY: replacing opcode 0x22 at 0x0069
    01-13 01:02:49.873 I/PeopleContactsSync( 6077): CP2 sync disabled
    01-13 01:02:49.903 D/dalvikvm( 6077): VFY: dead code 0x006b-00c2 in Lcom/google/android/gms/auth/c/a;.a (Landroid/content/Context;Lcom/google/android/gms/http/GoogleHttpClient;)Ljava/security/PublicKey;
    01-13 01:02:49.903 D/dalvikvm( 6077): VFY: dead code 0x00e7-00f9 in Lcom/google/android/gms/auth/c/a;.a (Landroid/content/Context;Lcom/google/android/gms/http/GoogleHttpClient;)Ljava/security/PublicKey;
    01-13 01:02:49.903 I/GLSUser ( 6077): [ ChannelManager ] Attempting to channel bind connection HttpClient.
    01-13 01:02:49.923 I/GLSUser ( 6077): [ ChannelManager ] Skip channel binding on pre-KLP devices.
    01-13 01:02:49.953 I/dalvikvm( 6077): Could not find method android.net.TrafficStats.setThreadStatsTag, referenced from method com.android.volley.k.run
    01-13 01:02:49.953 W/dalvikvm( 6077): VFY: unable to resolve static method 778: Landroid/net/TrafficStats;.setThreadStatsTag (I)V
    01-13 01:02:49.953 D/dalvikvm( 6077): VFY: replacing opcode 0x71 at 0x0039
    01-13 01:02:49.983 D/dalvikvm( 6077): GC_CONCURRENT freed 598K, 47% free 3766K/6983K, external 1685K/2133K, paused 3ms+3ms
    01-13 01:02:49.983 W/dalvikvm( 6077): VFY: unable to find class referenced in signature (Landroid/app/SharedElementCallback;)
    01-13 01:02:49.983 I/dalvikvm( 6077): Could not find method android.app.Activity.setEnterSharedElementCallback, referenced from method android.support.v4.app.q.setEnterSharedElementCallback
    01-13 01:02:49.983 W/dalvikvm( 6077): VFY: unable to resolve virtual method 80: Landroid/app/Activity;.setEnterSharedElementCallback (Landroid/app/SharedElementCallback;)V
    01-13 01:02:49.983 D/dalvikvm( 6077): VFY: replacing opcode 0x6e at 0x000e
    01-13 01:02:49.983 W/dalvikvm( 6077): VFY: unable to find class referenced in signature (Landroid/app/SharedElementCallback;)
    01-13 01:02:49.983 I/dalvikvm( 6077): Could not find method android.app.Activity.setExitSharedElementCallback, referenced from method android.support.v4.app.q.setExitSharedElementCallback
    01-13 01:02:49.983 W/dalvikvm( 6077): VFY: unable to resolve virtual method 81: Landroid/app/Activity;.setExitSharedElementCallback (Landroid/app/SharedElementCallback;)V
    01-13 01:02:49.983 D/dalvikvm( 6077): VFY: replacing opcode 0x6e at 0x000e
    01-13 01:02:49.983 I/dalvikvm( 6077): Could not find method android.app.Activity.finishAfterTransition, referenced from method android.support.v4.app.q.supportFinishAfterTransition
    01-13 01:02:49.983 W/dalvikvm( 6077): VFY: unable to resolve virtual method 46: Landroid/app/Activity;.finishAfterTransition ()V
    01-13 01:02:49.983 D/dalvikvm( 6077): VFY: replacing opcode 0x6e at 0x0006
    01-13 01:02:49.983 I/dalvikvm( 6077): Could not find method android.app.Activity.invalidateOptionsMenu, referenced from method android.support.v4.app.q.supportInvalidateOptionsMenu
    01-13 01:02:49.983 W/dalvikvm( 6077): VFY: unable to resolve virtual method 57: Landroid/app/Activity;.invalidateOptionsMenu ()V
    01-13 01:02:49.983 D/dalvikvm( 6077): VFY: replacing opcode 0x6e at 0x0006
    01-13 01:02:49.983 I/dalvikvm( 6077): Could not find method android.app.Activity.postponeEnterTransition, referenced from method android.support.v4.app.q.supportPostponeEnterTransition
    01-13 01:02:49.983 W/dalvikvm( 6077): VFY: unable to resolve virtual method 77: Landroid/app/Activity;.postponeEnterTransition ()V
    01-13 01:02:49.983 D/dalvikvm( 6077): VFY: replacing opcode 0x6e at 0x0006
    01-13 01:02:49.983 I/dalvikvm( 6077): Could not find method android.app.Activity.startPostponedEnterTransition, referenced from method android.support.v4.app.q.supportStartPostponedEnterTransition
    01-13 01:02:49.983 W/dalvikvm( 6077): VFY: unable to resolve virtual method 89: Landroid/app/Activity;.startPostponedEnterTransition ()V
    01-13 01:02:49.983 D/dalvikvm( 6077): VFY: replacing opcode 0x6e at 0x0006
    01-13 01:02:50.003 W/GmsApplication( 6077): Using Auth Proxy for data requests.
    01-13 01:02:50.103 W/GmsApplication( 6077): Using Auth Proxy for data requests.
    01-13 01:02:50.133 W/GmsApplication( 6077): Using Auth Proxy for data requests.
    01-13 01:02:50.133 W/GmsApplication( 6077): Using Auth Proxy for data requests.
    01-13 01:02:50.163 W/GmsApplication( 6077): Using Auth Proxy for data requests.
    01-13 01:02:50.323 I/Icing ( 6077): Storage manager: low false usage 65,47KB avail 184,05MB capacity 357,21MB
    01-13 01:02:50.373 I/dalvikvm( 6077): Could not find method android.util.SparseArray.clone, referenced from method com.google.android.gms.icing.impl.s.<init>
    01-13 01:02:50.373 W/dalvikvm( 6077): VFY: unable to resolve virtual method 2168: Landroid/util/SparseArray;.clone ()Landroid/util/SparseArray;
    01-13 01:02:50.373 D/dalvikvm( 6077): VFY: replacing opcode 0x6e at 0x0005
    01-13 01:02:50.373 D/dalvikvm( 6077): VFY: dead code 0x0008-0014 in Lcom/google/android/gms/icing/impl/s;.<init> (Lcom/google/android/gms/icing/impl/s;)V
    01-13 01:02:50.443 D/dalvikvm( 3325): GC_EXPLICIT freed 345K, 44% free 4972K/8839K, external 1685K/2133K, paused 63ms
    01-13 01:02:50.863 I/dalvikvm( 6077): Could not find method android.app.Activity.getFragmentManager, referenced from method com.google.android.gms.common.l.a
    01-13 01:02:50.863 W/dalvikvm( 6077): VFY: unable to resolve virtual method 50: Landroid/app/Activity;.getFragmentManager ()Landroid/app/FragmentManager;
    01-13 01:02:50.863 D/dalvikvm( 6077): VFY: replacing opcode 0x6e at 0x0025
    01-13 01:02:50.863 D/dalvikvm( 6077): VFY: dead code 0x0028-0032 in Lcom/google/android/gms/common/l;.a (ILandroid/app/Activity;Landroid/support/v4/app/Fragment;ILandroid/content/DialogInterface$OnCancelListener;)Z
    01-13 01:02:50.863 D/dalvikvm( 6077): DexOpt: couldn't find field Landroid/content/res/Configuration;.smallestScreenWidthDp
    01-13 01:02:50.863 W/dalvikvm( 6077): VFY: unable to resolve instance field 86
    01-13 01:02:50.863 D/dalvikvm( 6077): VFY: replacing opcode 0x52 at 0x002d
    01-13 01:02:50.863 D/dalvikvm( 6077): VFY: dead code 0x002f-0033 in Lcom/google/android/gms/common/l;.a (Landroid/content/res/Resources;)Z
    01-13 01:02:50.883 V/AudioService( 244): HDMI disconnected
    01-13 01:02:50.883 W/AudioPolicyManager( 138): setDeviceConnectionState() device not connected: 800
    01-13 01:02:50.913 D/dalvikvm( 6077): GC_CONCURRENT freed 600K, 45% free 4036K/7239K, external 1685K/2133K, paused 2ms+3ms
    01-13 01:02:50.913 E/dalvikvm( 6077): Could not find class 'android.app.Notification$Builder', referenced from method com.google.android.gms.common.l.c
    01-13 01:02:50.913 W/dalvikvm( 6077): VFY: unable to resolve new-instance 46 (Landroid/app/Notification$Builder;) in Lcom/google/android/gms/common/l;
    01-13 01:02:50.913 D/dalvikvm( 6077): VFY: replacing opcode 0x22 at 0x0037
    01-13 01:02:50.913 D/dalvikvm( 6077): VFY: dead code 0x0039-007f in Lcom/google/android/gms/common/l;.c (ILandroid/content/Context;)V
    01-13 01:02:50.993 I/Icing ( 6077): updateResources: need to parse e{com.google.android.gms}
    01-13 01:02:51.033 I/Icing ( 6077): Internal init done: storage state 0
    01-13 01:02:51.043 I/Icing ( 6077): Post-init done
    01-13 01:02:51.393 E/kernel ( 130): [ 8881.647857] msm_i2c msm_i2c.0: (0076) Error during data xfer (-5)
    01-13 01:02:53.553 W/WindowManager( 244): App freeze timeout expired.
    01-13 01:02:53.553 W/WindowManager( 244): Force clearing freeze: AppWindowToken{2b76f670 token=HistoryRecord{2b171cd8 com.mobaiou.brutalforcei/com.unity3d.player.UnityPlayerNativeActivity}}
    01-13 01:02:55.813 D/dalvikvm( 244): GC_EXPLICIT freed 630K, 54% free 7440K/16071K, external 5603K/6833K, paused 193ms
    01-13 01:02:58.463 W/ActivityManager( 244): Launch timeout has expired, giving up wake lock!
    01-13 01:02:58.473 V/ConfigFetchTask( 6077): ConfigFetchTask getDeviceDataVersionInfo(): ABFEt1V3YldflEfH4bAx1KxhjXGyqfK9FGPX-IZp7VjGrg58M7EV0b7oDSnuUSIPwNZn_jkuDG3eZBcHpsQH-LgF-8YgPLnLh6Y9lw7IugRCZFjG0OwrydOGklCvZ0qnb1zAB6p7hcoHzWtRnI_QkcyNdkbxiyHahrHRZUEm4G5HKzlJ7nWn5FSvXZYgBDMiFMubfRTO1SEH20HXK0IW77-X-nTg0uRVQnJphwDkRPmfm3UMuOM2A8bIgpetZrzBD63moZZ9821iPDgIXwwha4MPQWnLK4hf61tY-652D7YJj_KaZ3cZwOx9vgfn4xfovCsxEaZZbSaF3kiklzGDHfRffZDekYVhKAWrNQoMp4Az--87HwfT9CU
    01-13 01:02:58.493 I/GoogleHttpClient( 6077): Falling back to old SSLCertificateSocketFactory
    01-13 01:02:58.673 W/ActivityManager( 244): Activity idle timeout for HistoryRecord{2b171cd8 com.mobaiou.brutalforcei/com.unity3d.player.UnityPlayerNativeActivity}
    01-13 01:02:58.683 I/dalvikvm( 6077): Total arena pages for JIT: 11
    01-13 01:02:58.923 D/dalvikvm( 6077): GC_CONCURRENT freed 822K, 45% free 4287K/7687K, external 1685K/2133K, paused 4ms+2ms
    01-13 01:02:59.453 I/iddd-events( 128): Event com.sonyericsson.idd.probe.android.network::CellLocationChanged was discarded since it was not active.
    01-13 01:02:59.813 D/kernel ( 130): [ 8890.065032] bq27520 0-0055: bq27520_handle_soc_worker() capacity=69 (69) flags=0x138 ctrl_status=0x28d soh_state=0x2, valid=1
    01-13 01:02:59.853 I/ConfigFetchService( 6077): fetch service done; releasing wakelock
    01-13 01:02:59.853 I/ConfigFetchService( 6077): stopping self
    01-13 01:02:59.853 I/ConfigService( 3325): onDestroy
    01-13 01:02:59.863 I/ActivityManager( 244): No longer want com.android.defcontainer (pid 5962): hidden #16
    01-13 01:03:04.163 D/dalvikvm( 5602): GC_CONCURRENT freed 997K, 46% free 4276K/7879K, external 1685K/2133K, paused 3ms+3ms
    01-13 01:03:04.243 D/Finsky ( 5602): [1] 5.onFinished: Installation state replication succeeded.
    01-13 01:03:10.163 D/dalvikvm( 916): GC_EXPLICIT freed 11K, 55% free 3019K/6663K, external 1695K/2207K, paused 87ms
    01-13 01:03:12.393 D/lights ( 244): set_light_backlight: brightness=20
    01-13 01:03:14.353 D/lights ( 244): set_light_backlight: brightness=255
    01-13 01:03:15.383 D/dalvikvm( 3604): GC_EXPLICIT freed 45K, 52% free 2620K/5379K, external 1685K/2133K, paused 87ms
    01-13 01:03:19.363 I/InputDispatcher( 244): Application is not responding: AppWindowToken{2b76f670 token=HistoryRecord{2b171cd8 com.mobaiou.brutalforcei/com.unity3d.player.UnityPlayerNativeActivity}}. 5009.2ms since event, 5008.9ms since wait started
    01-13 01:03:19.363 I/WindowManager( 244): Input event dispatching timed out sending to application AppWindowToken{2b76f670 token=HistoryRecord{2b171cd8 com.mobaiou.brutalforcei/com.unity3d.player.UnityPlayerNativeActivity}}
    01-13 01:03:19.373 I/Process ( 244): Sending signal. PID: 6091 SIG: 3
    01-13 01:03:19.373 I/dalvikvm( 6091): threadid=4: reacting to signal 3
    01-13 01:03:19.383 I/dalvikvm( 6091): Wrote stack traces to '/data/anr/traces.txt'
    01-13 01:03:19.393 I/Process ( 244): Sending signal. PID: 244 SIG: 3
    01-13 01:03:19.393 I/dalvikvm( 244): threadid=4: reacting to signal 3
    01-13 01:03:19.533 I/dalvikvm( 244): Wrote stack traces to '/data/anr/traces.txt'
    01-13 01:03:19.533 I/Process ( 244): Sending signal. PID: 577 SIG: 3
    01-13 01:03:19.533 I/dalvikvm( 577): threadid=4: reacting to signal 3
    01-13 01:03:19.553 I/dalvikvm( 577): Wrote stack traces to '/data/anr/traces.txt'
    01-13 01:03:19.553 I/Process ( 244): Sending signal. PID: 564 SIG: 3
    01-13 01:03:19.553 I/dalvikvm( 564): threadid=4: reacting to signal 3
    01-13 01:03:19.563 I/dalvikvm( 564): Wrote stack traces to '/data/anr/traces.txt'
    01-13 01:03:19.923 D/dalvikvm( 244): GC_EXPLICIT freed 997K, 52% free 7721K/16071K, external 3286K/4104K, paused 82ms
    01-13 01:03:20.443 D/dalvikvm( 4651): GC_EXPLICIT freed 5K, 47% free 3620K/6727K, external 1685K/2133K, paused 140ms
    01-13 01:03:20.463 I/Process ( 244): Sending signal. PID: 4651 SIG: 3
    01-13 01:03:20.463 I/dalvikvm( 4651): threadid=4: reacting to signal 3
    01-13 01:03:20.463 I/dalvikvm( 4651): Wrote stack traces to '/data/anr/traces.txt'
    01-13 01:03:20.473 I/Process ( 244): Sending signal. PID: 3604 SIG: 3
    01-13 01:03:20.473 I/dalvikvm( 3604): threadid=4: reacting to signal 3
    01-13 01:03:20.473 I/dalvikvm( 3604): Wrote stack traces to '/data/anr/traces.txt'
    01-13 01:03:20.493 I/InputDispatcher( 244): Dropping event because the pointer is not down.
    01-13 01:03:20.493 I/InputDispatcher( 244): Dropping event because the pointer is not down.
    01-13 01:03:20.493 E/ActivityManager( 244): ANR in com.mobaiou.brutalforcei (com.mobaiou.brutalforcei/com.unity3d.player.UnityPlayerNativeActivity)
    01-13 01:03:20.493 E/ActivityManager( 244): Reason: keyDispatchingTimedOut
    01-13 01:03:20.493 E/ActivityManager( 244): Load: 7.86 / 7.75 / 8.17
    01-13 01:03:20.493 E/ActivityManager( 244): CPU usage from 4110ms to -1113ms ago with 99% awake:
    01-13 01:03:20.493 E/ActivityManager( 244): 8.8% 244/system_server: 4.6% user + 4.2% kernel / faults: 534 minor 82 major
    01-13 01:03:20.493 E/ActivityManager( 244): 0% 4651/com.google.android.apps.maps: 0% user + 0% kernel / faults: 853 minor 34 major
    01-13 01:03:20.493 E/ActivityManager( 244): 0.3% 3604/com.sonyericsson.customization: 0.3% user + 0% kernel / faults: 257 minor
    01-13 01:03:20.493 E/ActivityManager( 244): 0% 564/com.android.systemui: 0% user + 0% kernel / faults: 83 minor
    01-13 01:03:20.493 E/ActivityManager( 244): 0.1% 577/com.android.phone: 0% user + 0.1% kernel / faults: 180 minor 7 major
    01-13 01:03:20.493 E/ActivityManager( 244): 0% 4567/wpa_supplicant: 0% user + 0% kernel / faults: 42 minor 2 major
    01-13 01:03:20.493 E/ActivityManager( 244): 0% 6091/com.mobaiou.brutalforcei: 0% user + 0% kernel / faults: 25 minor 2 major
    01-13 01:03:20.493 E/ActivityManager( 244): 17% TOTAL: 8.8% user + 5.3% kernel + 2.8% iowait
    01-13 01:03:20.493 E/ActivityManager( 244): CPU usage from 571ms to 1085ms later:
    01-13 01:03:20.493 E/ActivityManager( 244): 17% 4651/com.google.android.apps.maps: 17% user + 0% kernel / faults: 421 minor 18 major
    01-13 01:03:20.493 E/ActivityManager( 244): 16% 4651/droid.apps.maps: 16% user + 0% kernel
    01-13 01:03:20.493 E/ActivityManager( 244): 3.9% 244/system_server: 0% user + 3.9% kernel / faults: 1 minor
    01-13 01:03:20.493 E/ActivityManager( 244): 3.9% 506/InputDispatcher: 0% user + 3.9% kernel
    01-13 01:03:20.493 E/ActivityManager( 244): 1.4% 3604/com.sonyericsson.customization: 1.4% user + 0% kernel / faults: 1 minor
    01-13 01:03:20.493 E/ActivityManager( 244): 2.8% 3605/HeapWorker: 2.8% user + 0% kernel
    01-13 01:03:20.493 E/ActivityManager( 244): 29% TOTAL: 25% user + 1.9% kernel + 1.9% iowait
    01-13 01:03:23.063 W/ActivityManager( 244): Force finishing activity com.mobaiou.brutalforcei/com.unity3d.player.UnityPlayerNativeActivity
    01-13 01:03:23.073 I/Process ( 244): Sending signal. PID: 6091 SIG: 9
    01-13 01:03:23.073 I/ActivityManager( 244): Killing com.mobaiou.brutalforcei (pid=6091): user's request
    01-13 01:03:23.093 I/ActivityManager( 244): Process com.mobaiou.brutalforcei (pid 6091) has died.
    01-13 01:03:23.653 W/IInputConnectionWrapper( 6007): showStatusIcon on inactive InputConnection
    01-13 01:03:23.693 D/CustomizationProvider( 3604): openFile -- START uri=content://com.sonyericsson.provider.customization/settings/com.sonyericsson.textinput.uxp
    01-13 01:03:23.693 I/CustomizationProvider( 3604): No configuration file: /system/etc/customization/settings/com/sonyericsson/textinput/uxp/custom_settings.xml
    01-13 01:03:25.803 E/kernel ( 130): [ 8916.049926] simple_remote_pf simple_remote_pf.0: simple_remote_pf_button_handler - Button callback not registered
    01-13 01:03:25.973 E/kernel ( 130): [ 8916.221832] simple_remote_pf simple_remote_pf.0: simple_remote_pf_button_handler - Button callback not registered
    01-13 01:03:26.293 D/lights ( 244): set_light_backlight: brightness=0
    01-13 01:03:26.303 I/power ( 244): *** set_screen_state 0
    01-13 01:03:26.313 D/kernel ( 130): [ 8916.558380] request_suspend_state: sleep (0->3) at 8902510422540 (2015-01-13 03:03:26.303833046 UTC)
    01-13 01:03:26.313 D/kernel ( 130): [ 8916.559295] as3676 0-0040: as3676_early_suspend
    01-13 01:03:26.453 I/ActivityManager( 244): Start proc android.process.acore for content provider com.android.providers.contacts/.SemcCallLogProvider: pid=6135 uid=10016 gids={3003}
    01-13 01:03:26.473 D/DASH - select( 244): sensors_select_callback: select canceled by request
    01-13 01:03:26.523 W/hdmidisplay( 244): Java_com_sonyericsson_hdmi_controlservice_HDMIDisplay_JNISetActionSafe!
    01-13 01:03:26.523 W/hdmidisplay( 244): [HDMI] JNISetActionSafe() : 50
    01-13 01:03:26.523 W/hdmidisplay( 244): Java_com_sonyericsson_hdmi_controlservice_HDMIDisplay_JNISetHDMIOutput!
    01-13 01:03:26.523 W/hdmidisplay( 244): [HDMI] JNISetHDMIOutput() : CMD_HDMI_DTV_OFF
    01-13 01:03:26.563 D/kernel ( 130): [ 8916.808074] mdp4_dtv_on: <ID=0 1280x720 (110,40,220), (5,5,20) 74MHz>
    01-13 01:03:26.613 I/ActivityThread( 6135): Pub call_log: com.android.providers.contacts.SemcCallLogProvider
    01-13 01:03:26.653 I/WindowManager( 244): Setting rotation to 0, animFlags=1
    01-13 01:03:26.673 I/ActivityManager( 244): Config changed: { scale=1.0 imsi=724/4 loc=pt_BR touch=3 keys=1/1/2 nav=1/1 orien=1 layout=34 uiMode=17 theme=ComponentInfo{com.sonyericsson.defaultruntimethemes/com.sonyericsson.defaultruntimethemes.BlueThemeService} seq=36}
    01-13 01:03:26.693 W/hdmidisplay( 244): Java_com_sonyericsson_hdmi_controlservice_HDMIDisplay_JNISetHDMIOutput!
    01-13 01:03:26.693 W/hdmidisplay( 244): [HDMI] JNISetHDMIOutput() : CMD_HDMI_POWER_OFF
    01-13 01:03:26.703 D/kernel ( 130): [ 8916.948181] mdp4_dtv_off
    01-13 01:03:26.753 D/GestureDetector( 940): touchSlop:35 doubleTapSlop:215
    01-13 01:03:26.753 D/SurfaceFlinger( 244): About to give-up screen, flinger = 0x254710
    01-13 01:03:27.053 D/dalvikvm( 244): GC_CONCURRENT freed 670K, 54% free 7482K/16071K, external 5078K/5402K, paused 5ms+26ms
    01-13 01:03:27.073 I/ActivityThread( 6135): Pub contacts;com.android.contacts: com.android.providers.contacts.SemcContactsProvider2
    01-13 01:03:27.083 D/CustomizationProvider( 3604): openFile -- START uri=content://com.sonyericsson.provider.customization/settings/com.sonyericsson.textinput.uxp
    01-13 01:03:27.083 I/CustomizationProvider( 3604): No configuration file: /system/etc/customization/settings/com/sonyericsson/textinput/uxp/custom_settings.xml
    01-13 01:03:27.233 D/dalvikvm( 940): GC_CONCURRENT freed 1196K, 56% free 3277K/7367K, external 3593K/4094K, paused 3ms+11ms
    01-13 01:03:27.403 D/kernel ( 130): [ 8917.648071] active wake lock PowerManagerService
    01-13 01:03:27.403 D/kernel ( 130): [ 8917.648101] active wake lock bq24185_watchdog_lock
    01-13 01:03:27.403 D/kernel ( 130): [ 8917.648101] active wake lock usb_bus_active
    01-13 01:03:27.403 D/kernel ( 130): [ 8917.648101] active wake lock msm_otg
    01-13 01:03:27.403 D/kernel ( 130): [ 8917.648101] active wake lock wifi_rx_wake, time left 19
    01-13 01:03:27.563 D/dalvikvm( 244): GC_CONCURRENT freed 59K, 54% free 7488K/16071K, external 6089K/6797K, paused 3ms+34ms
    01-13 01:03:27.583 I/ActivityThread( 6135): Pub user_dictionary: com.android.providers.userdictionary.UserDictionaryProvider
    01-13 01:03:27.593 I/ActivityThread( 6135): Pub com.android.social: com.android.providers.contacts.SocialProvider
    01-13 01:03:27.593 I/ActivityThread( 6135): Pub applications: com.android.providers.applications.ApplicationsProvider
    01-13 01:03:27.613 D/dalvikvm( 4837): GC_CONCURRENT freed 1531K, 47% free 5358K/10055K, external 7938K/9722K, paused 4ms+15ms
    01-13 01:03:27.973 W/IInputConnectionWrapper( 4837): getExtractedText on inactive InputConnection
    01-13 01:03:28.033 W/IInputConnectionWrapper( 4837): getTextBeforeCursor on inactive InputConnection
    01-13 01:03:28.043 W/IInputConnectionWrapper( 4837): getTextBeforeCursor on inactive InputConnection
    01-13 01:03:28.043 W/IInputConnectionWrapper( 4837): getExtractedText on inactive InputConnection
    01-13 01:03:29.563 D/dalvikvm( 244): GC_EXPLICIT freed 108K, 54% free 7425K/16071K, external 6084K/6797K, paused 108ms
    01-13 01:03:32.083 D/dalvikvm( 5774): GC_EXPLICIT freed 73K, 44% free 4116K/7303K, external 1685K/2133K, paused 117ms
    01-13 01:03:33.153 W/ActivityManager( 244): Activity idle timeout for HistoryRecord{2b060440 com.estrongs.android.pop/.view.FileExplorerActivity}
    01-13 01:03:39.523 D/dalvikvm( 5223): GC_EXPLICIT freed 106K, 51% free 2655K/5379K, external 1685K/2133K, paused 97ms
    01-13 01:03:44.573 D/dalvikvm( 5861): GC_EXPLICIT freed 34K, 51% free 2678K/5447K, external 1685K/2133K, paused 146ms
    01-13 01:04:26.713 D/Huey ( 1714): notifyDeviceListChanged: DMR=0
    01-13 01:04:51.723 D/kernel ( 130): [ 9001.968902] bq27520 0-0055: bq27520_handle_soc_worker() capacity=70 (70) flags=0x138 ctrl_status=0x28d soh_state=0x2, valid=1
    01-13 01:06:03.734 D/KeyguardViewMediator( 244): wakeWhenReadyLocked(26)
    01-13 01:06:03.734 D/lights ( 244): set_light_buttons: brightness=255
    01-13 01:06:03.743 E/kernel ( 130): [ 9073.989776] simple_remote_pf simple_remote_pf.0: simple_remote_pf_button_handler - Button callback not registered
    01-13 01:06:03.743 I/power ( 244): *** set_screen_state 1
    01-13 01:06:03.743 D/lights ( 244): set_light_backlight: brightness=255
    01-13 01:06:03.753 D/kernel ( 130): [ 9073.998413] request_suspend_state: wakeup (3->0) at 9059950394465 (2015-01-13 03:06:03.743774453 UTC)
    01-13 01:06:03.753 I/AKMD2 ( 135): akmd2 : Compass Opened.
    01-13 01:06:03.763 D/kernel ( 130): [ 9074.011230] AKM8975 AKECS_GetOpenStatus returned (1)
    01-13 01:06:03.763 D/kernel ( 130): [ 9074.013580] Enabled VREG "wlan" at 2900 mV
    01-13 01:06:03.773 D/kernel ( 130): [ 9074.025482] Disabled VREG "wlan"
    01-13 01:06:03.793 D/DASH - select( 244): sensors_select_callback: select canceled by request
    01-13 01:06:03.793 D/DASH - select( 244): sensors_select_callback: select canceled by request
    01-13 01:06:03.793 D/DASH - select( 244): sensors_select_callback: select canceled by request
    01-13 01:06:03.803 D/kernel ( 130): [ 9074.050354] AKM8975 AKECS_GetCloseStatus returned (0)
    01-13 01:06:03.823 D/kernel ( 130): [ 9074.070129] Enabled VREG "wlan" at 2900 mV
    01-13 01:06:03.823 D/kernel ( 130): [ 9074.076751] Disabled VREG "wlan"
    01-13 01:06:03.833 I/AKMD2 ( 135): akmd2 : Compass Closed.
    01-13 01:06:03.913 E/kernel ( 130): [ 9074.160400] simple_remote_pf simple_remote_pf.0: simple_remote_pf_button_handler - Button callback not registered
    01-13 01:06:03.993 E/wpa_supplicant( 4567): ERROR - wpa_driver_tista_private_send - error sending Wext private IOCTL to STA driver (ioctl_cmd = 8000306, res = -1, errno = 95)
    01-13 01:06:03.993 E/wpa_supplicant( 4567): ERROR - Failed to handle rx data filter command!
    01-13 01:06:03.993 E/wpa_supplicant( 4567): ERROR - wpa_driver_tista_private_send - error sending Wext private IOCTL to STA driver (ioctl_cmd = 8000306, res = -1, errno = 95)
    01-13 01:06:03.993 E/wpa_supplicant( 4567): ERROR - Failed to handle rx data filter command!
    01-13 01:06:03.993 E/wpa_supplicant( 4567): ERROR - wpa_driver_tista_private_send - error sending Wext private IOCTL to STA driver (ioctl_cmd = 8000306, res = -1, errno = 95)
    01-13 01:06:03.993 E/wpa_supplicant( 4567): ERROR - Failed to handle rx data filter command!
    01-13 01:06:04.003 D/SurfaceFlinger( 244): Screen about to return, flinger = 0x254710
    01-13 01:06:04.013 D/kernel ( 130): [ 9074.267608] as3676 0-0040: as3676_late_resume
    01-13 01:06:04.643 D/lights ( 244): set_light_buttons: brightness=0
    01-13 01:06:04.683 I/WindowManager( 244): Setting rotation to 1, animFlags=1
    01-13 01:06:04.703 I/ActivityManager( 244): Config changed: { scale=1.0 imsi=724/4 loc=pt_BR touch=3 keys=1/1/2 nav=1/1 orien=2 layout=34 uiMode=17 theme=ComponentInfo{com.sonyericsson.defaultruntimethemes/com.sonyericsson.defaultruntimethemes.BlueThemeService} seq=37}
    01-13 01:06:04.753 D/GestureDetector( 940): touchSlop:35 doubleTapSlop:215
    01-13 01:06:04.923 D/CustomizationProvider( 3604): openFile -- START uri=content://com.sonyericsson.provider.customization/settings/com.sonyericsson.textinput.uxp
    01-13 01:06:04.923 I/CustomizationProvider( 3604): No configuration file: /system/etc/customization/settings/com/sonyericsson/textinput/uxp/custom_settings.xml
    01-13 01:06:04.943 W/hdmidisplay( 244): Java_com_sonyericsson_hdmi_controlservice_HDMIDisplay_JNISetHDMIOutput!
    01-13 01:06:04.943 W/hdmidisplay( 244): [HDMI] JNISetHDMIOutput() : CMD_HDMI_POWER_ON
    01-13 01:06:04.993 I/hdmid ( 235): HDMID Version [0.026.6.0]
    01-13 01:06:05.003 I/WindowManager( 244): Setting rotation to 0, animFlags=0
    01-13 01:06:05.003 I/ActivityManager( 244): Config changed: { scale=1.0 imsi=724/4 loc=pt_BR touch=3 keys=1/1/2 nav=1/1 orien=1 layout=34 uiMode=17 theme=ComponentInfo{com.sonyericsson.defaultruntimethemes/com.sonyericsson.defaultruntimethemes.BlueThemeService} seq=38}
    01-13 01:06:05.403 W/InputManagerService( 244): Window already focused, ignoring focus gain of: com.android.internal.view.IInputMethodClient$Stub$Proxy@2b54b860
    01-13 01:06:05.633 D/dalvikvm( 4837): GC_CONCURRENT freed 1676K, 43% free 5732K/10055K, external 8975K/9327K, paused 5ms+4ms
    01-13 01:06:05.833 D/dalvikvm( 4837): GC_CONCURRENT freed 152K, 43% free 5760K/10055K, external 9708K/11564K, paused 2ms+4ms
    01-13 01:06:06.173 D/GestureDetector( 940): touchSlop:35 doubleTapSlop:215
    01-13 01:06:06.273 D/dalvikvm( 940): GC_CONCURRENT freed 305K, 57% free 3200K/7367K, external 4156K/5114K, paused 2ms+3ms
    01-13 01:06:06.283 D/CustomizationProvider( 3604): openFile -- START uri=content://com.sonyericsson.provider.customization/settings/com.sonyericsson.textinput.uxp
    01-13 01:06:06.283 I/CustomizationProvider( 3604): No configuration file: /system/etc/customization/settings/com/sonyericsson/textinput/uxp/custom_settings.xml
    01-13 01:06:06.403 D/CustomizationProvider( 3604): openFile -- START uri=content://com.sonyericsson.provider.customization/settings/com.sonyericsson.textinput.uxp
    01-13 01:06:06.403 I/CustomizationProvider( 3604): No configuration file: /system/etc/customization/settings/com/sonyericsson/textinput/uxp/custom_settings.xml
    01-13 01:06:06.543 V/AudioService( 244): HDMI disconnected
    01-13 01:06:06.543 W/AudioPolicyManager( 138): setDeviceConnectionState() device not connected: 800
    01-13 01:06:07.053 E/kernel ( 130): [ 9077.302032] msm_i2c msm_i2c.0: (0076) Error during data xfer (-5)
    01-13 01:06:07.180 D/lights ( 244): set_light_buttons: brightness=255
    01-13 01:06:07.313 I/ActivityManager( 244): Starting: Intent { act=android.intent.action.MAIN cat=[android.intent.category.HOME] flg=0x10200000 cmp=com.sonyericsson.home/.HomeActivity } from pid 244
    01-13 01:06:07.563 I/ActivityManager( 244): No longer want com.android.packageinstaller (pid 6007): hidden #16
    01-13 01:06:07.623 D/CustomizationProvider( 3604): openFile -- START uri=content://com.sonyericsson.provider.customization/settings/com.sonyericsson.textinput.uxp
    01-13 01:06:07.623 I/CustomizationProvider( 3604): No configuration file: /system/etc/customization/settings/com/sonyericsson/textinput/uxp/custom_settings.xml
    01-13 01:06:07.643 D/dalvikvm( 1865): GC_CONCURRENT freed 242K, 51% free 3785K/7687K, external 16157K/18067K, paused 2ms+16ms
    01-13 01:06:08.273 D/dalvikvm( 244): GC_EXPLICIT freed 689K, 54% free 7408K/16071K, external 5734K/5885K, paused 139ms
    01-13 01:06:09.023 D/dalvikvm( 1865): GC_CONCURRENT freed 129K, 51% free 3778K/7687K, external 16828K/18318K, paused 2ms+4ms
    01-13 01:06:12.663 D/dalvikvm( 5843): GC_EXPLICIT freed 9K, 52% free 2598K/5379K, external 1685K/2133K, paused 87ms
    01-13 01:06:13.654 I/ActivityManager( 244): Starting: Intent { act=android.intent.action.MAIN cat=[android.intent.category.LAUNCHER] flg=0x10200000 cmp=com.xtralogic.android.logcollector/.SendLogActivity bnds=[12,431][125,589] } from pid 1865
    01-13 01:06:13.703 I/ActivityManager( 244): Start proc com.xtralogic.android.logcollector for activity com.xtralogic.android.logcollector/.SendLogActivity: pid=6168 uid=10133 gids={1007, 1015}
    01-13 01:06:13.913 W/ResourceType( 244): Skipping entry 0x7f040010 in package table 0 because it is not complex!
    01-13 01:06:14.253 I/ActivityManager( 244): Displayed com.xtralogic.android.logcollector/.SendLogActivity: +562ms (total +3m25s785ms)
    01-13 01:06:19.663 D/lights ( 244): set_light_buttons: brightness=0
    01-13 01:06:23.843 D/dalvikvm( 6168): GC_CONCURRENT freed 100K, 51% free 2689K/5379K, external 2477K/3094K, paused 3ms+9ms
    01-13 01:06:23.973 D/dalvikvm( 6168): GC_FOR_MALLOC freed 491K, 52% free 2861K/5959K, external 2477K/3094K, paused 15ms
    01-13 01:06:24.023 D/dalvikvm( 6168): GC_FOR_MALLOC freed 563K, 53% free 3025K/6343K, external 2477K/3094K, paused 20ms
    01-13 01:06:24.033 I/ActivityManager( 244): Starting: Intent { act=android.intent.action.CHOOSER cmp=android/com.android.internal.app.ChooserActivity (has extras) } from pid 6168
    01-13 01:06:24.513 I/ActivityManager( 244): Displayed android/com.android.internal.app.ChooserActivity: +466ms
    01-13 01:06:31.223 D/dalvikvm( 6168): GC_CONCURRENT freed 243K, 48% free 3312K/6343K, external 3816K/3950K, paused 3ms+2ms
    01-13 01:06:32.403 I/ActivityManager( 244): Starting: Intent { act=android.intent.action.SEND typ=text/plain flg=0x3000000 cmp=com.google.android.gm/.ComposeActivityGmail (has extras) } from pid 6168
    01-13 01:06:32.413 I/ActivityManager( 244): Start proc com.google.android.gm for activity com.google.android.gm/.ComposeActivityGmail: pid=6178 uid=10017 gids={3003, 1015}
    01-13 01:06:32.493 I/ActivityThread( 6178): Pub gmail-ls: com.google.android.gm.provider.MailProvider
    01-13 01:06:32.513 I/ActivityThread( 6178): Pub gmail-downloads: com.google.android.gm.downloadprovider.DownloadProvider
    01-13 01:06:32.523 I/ActivityThread( 6178): Pub com.google.android.gm.attachmentspreviews: com.google.android.gm.AttachmentPreviewProvider
    01-13 01:06:32.533 I/ActivityThread( 6178): Pub com.google.android.gmail.SuggestionProvider: com.google.android.gm.SuggestionsProvider
    01-13 01:06:32.563 I/ActivityManager( 244): Starting: Intent { act=android.intent.action.SEND typ=text/plain flg=0x2000000 cmp=com.google.android.gm/.ComposeActivity (has extras) } from pid 6178
    01-13 01:06:32.733 I/Gmail ( 6178): calculateUnknownSyncRationalesAndPurgeInBackground: queueing
    01-13 01:06:32.743 I/Gmail ( 6178): calculateUnknownSyncRationalesAndPurgeInBackground: running
    01-13 01:06:32.763 I/ActivityManager( 244): Starting: Intent { flg=0x2000000 cmp=com.google.android.gm/.WaitActivity (has extras) } from pid 6178
    01-13 01:06:33.083 D/CustomizationProvider( 3604): openFile -- START uri=content://com.sonyericsson.provider.customization/settings/com.sonyericsson.textinput.uxp
    01-13 01:06:33.083 I/CustomizationProvider( 3604): No configuration file: /system/etc/customization/settings/com/sonyericsson/textinput/uxp/custom_settings.xml
    01-13 01:06:33.543 I/ActivityManager( 244): Displayed com.google.android.gm/.WaitActivity: +774ms (total +1s131ms)
    01-13 01:06:33.583 I/ActivityManager( 244): No longer want com.wsandroid.suite (pid 6035): hidden #16
    01-13 01:06:42.033 I/iddd-events( 128): Event com.sonyericsson.idd.probe.android.network::CellLocationChanged was discarded since it was not active.
    01-13 01:06:44.243 D/dalvikvm( 1429): GC_EXPLICIT freed 40K, 55% free 2943K/6535K, external 1685K/2133K, paused 63ms
    01-13 01:06:45.923 I/iddd-events( 128): Event com.sonyericsson.idd.probe.android.network::CellLocationChanged was discarded since it was not active.
    01-13 01:06:49.693 D/kernel ( 130): [ 9119.947296] bq27520 0-0055: bq27520_handle_soc_worker() capacity=71 (71) flags=0x138 ctrl_status=0x28d soh_state=0x2, valid=1
    01-13 01:06:54.833 D/dalvikvm( 5851): GC_EXPLICIT freed 9K, 52% free 2621K/5379K, external 1685K/2133K, paused 87ms
    01-13 01:06:55.163 D/lights ( 244): set_light_backlight: brightness=20
    01-13 01:07:01.333 I/iddd-events( 128): Event com.sonyericsson.idd.probe.android.network::CellLocationChanged was discarded since it was not active.
    01-13 01:07:02.508 D/lights ( 244): set_light_backlight: brightness=0
    01-13 01:07:02.513 I/power ( 244): *** set_screen_state 0
    01-13 01:07:02.533 D/kernel ( 130): [ 9132.768707] request_suspend_state: sleep (0->3) at 9118720688631 (2015-01-13 03:07:02.514099137 UTC)
    01-13 01:07:02.533 D/kernel ( 130): [ 9132.769348] as3676 0-0040: as3676_early_suspend
    01-13 01:07:02.603 D/DASH - select( 244): sensors_select_callback: select canceled by request
    01-13 01:07:02.663 W/hdmidisplay( 244): Java_com_sonyericsson_hdmi_controlservice_HDMIDisplay_JNISetActionSafe!
    01-13 01:07:02.663 W/hdmidisplay( 244): [HDMI] JNISetActionSafe() : 50
    01-13 01:07:02.663 W/hdmidisplay( 244): Java_com_sonyericsson_hdmi_controlservice_HDMIDisplay_JNISetHDMIOutput!
    01-13 01:07:02.663 W/hdmidisplay( 244): [HDMI] JNISetHDMIOutput() : CMD_HDMI_DTV_OFF
    01-13 01:07:02.703 D/kernel ( 130): [ 9132.947998] mdp4_dtv_on: <ID=0 1280x720 (110,40,220), (5,5,20) 74MHz>
    01-13 01:07:02.833 W/hdmidisplay( 244): Java_com_sonyericsson_hdmi_controlservice_HDMIDisplay_JNISetHDMIOutput!
    01-13 01:07:02.833 W/hdmidisplay( 244): [HDMI] JNISetHDMIOutput() : CMD_HDMI_POWER_OFF
    01-13 01:07:02.843 D/kernel ( 130): [ 9133.088073] mdp4_dtv_off
    01-13 01:07:02.963 D/SurfaceFlinger( 244): About to give-up screen, flinger = 0x254710
    01-13 01:07:03.623 D/kernel ( 130): [ 9133.868103] active wake lock bq24185_watchdog_lock
    01-13 01:07:03.623 D/kernel ( 130): [ 9133.868133] active wake lock usb_bus_active
    01-13 01:07:03.623 D/kernel ( 130): [ 9133.868164] active wake lock msm_otg
    01-13 01:07:03.623 D/kernel ( 130): [ 9133.868194] wake lock wifi_rx_wake, expired
    01-13 01:07:07.923 D/dalvikvm( 244): GC_CONCURRENT freed 661K, 54% free 7482K/16071K, external 4713K/5235K, paused 3ms+7ms
    01-13 01:07:13.423 D/dalvikvm( 5047): GC_CONCURRENT freed 429K, 54% free 2655K/5767K, external 1685K/2133K, paused 7ms+2ms
    01-13 01:07:18.483 D/dalvikvm( 4837): GC_EXPLICIT freed 640K, 42% free 5882K/10055K, external 10076K/11564K, paused 92ms
    01-13 01:07:23.483 D/dalvikvm( 1068): GC_EXPLICIT freed 29K, 54% free 2672K/5767K, external 1685K/2133K, paused 81ms
    01-13 01:07:26.044 D/KeyguardViewMediator( 244): wakeWhenReadyLocked(26)
    01-13 01:07:26.044 D/lights ( 244): set_light_buttons: brightness=255
    01-13 01:07:26.044 I/power ( 244): *** set_screen_state 1
    01-13 01:07:26.044 D/lights ( 244): set_light_backlight: brightness=255
    01-13 01:07:26.053 E/kernel ( 130): [ 9156.299346] simple_remote_pf simple_remote_pf.0: simple_remote_pf_button_handler - Button callback not registered
    01-13 01:07:26.053 D/kernel ( 130): [ 9156.304962] request_suspend_state: wakeup (3->0) at 9142256974016 (2015-01-13 03:07:26.050354004 UTC)
    01-13 01:07:26.053 I/AKMD2 ( 135): akmd2 : Compass Opened.
    01-13 01:07:26.063 D/kernel ( 130): [ 9156.314727] AKM8975 AKECS_GetOpenStatus returned (1)
    01-13 01:07:26.063 D/kernel ( 130): [ 9156.316345] Enabled VREG "wlan" at 2900 mV
    01-13 01:07:26.073 D/kernel ( 130): [ 9156.322387] Disabled VREG "wlan"
    01-13 01:07:26.073 D/kernel ( 130): [ 9156.328704] Enabled VREG "wlan" at 2900 mV
    01-13 01:07:26.083 D/kernel ( 130): [ 9156.334716] Disabled VREG "wlan"
    01-13 01:07:26.093 D/kernel ( 130): [ 9156.338531] AKM8975 AKECS_GetCloseStatus returned (0)
    01-13 01:07:26.103 D/kernel ( 130): [ 9156.349670] Enabled VREG "wlan" at 2900 mV
    01-13 01:07:26.103 D/kernel ( 130): [ 9156.355712] Disabled VREG "wlan"
    01-13 01:07:26.103 D/DASH - select( 244): sensors_select_callback: select canceled by request
    01-13 01:07:26.103 D/DASH - select( 244): sensors_select_callback: select canceled by request
    01-13 01:07:26.103 D/DASH - select( 244): sensors_select_callback: select canceled by request
    01-13 01:07:26.113 I/AKMD2 ( 135): akmd2 : Compass Closed.
    01-13 01:07:26.243 E/wpa_supplicant( 4567): ERROR - wpa_driver_tista_private_send - error sending Wext private IOCTL to STA driver (ioctl_cmd = 8000306, res = -1, errno = 95)
    01-13 01:07:26.243 E/wpa_supplicant( 4567): ERROR - Failed to handle rx data filter command!
    01-13 01:07:26.243 E/wpa_supplicant( 4567): ERROR - wpa_driver_tista_private_send - error sending Wext private IOCTL to STA driver (ioctl_cmd = 8000306, res = -1, errno = 95)
    01-13 01:07:26.243 E/wpa_supplicant( 4567): ERROR - Failed to handle rx data filter command!
    01-13 01:07:26.243 E/wpa_supplicant( 4567): ERROR - wpa_driver_tista_private_send - error sending Wext private IOCTL to STA driver (ioctl_cmd = 8000306, res = -1, errno = 95)
    01-13 01:07:26.243 E/wpa_supplicant( 4567): ERROR - Failed to handle rx data filter command!
    01-13 01:07:26.253 E/kernel ( 130): [ 9156.505828] simple_remote_pf simple_remote_pf.0: simple_remote_pf_button_handler - Button callback not registered
    01-13 01:07:26.313 D/SurfaceFlinger( 244): Screen about to return, flinger = 0x254710
    01-13 01:07:26.323 D/kernel ( 130): [ 9156.568603] as3676 0-0040: as3676_late_resume
    01-13 01:07:27.323 D/dalvikvm( 244): GC_CONCURRENT freed 174K, 54% free 7438K/16071K, external 5603K/6670K, paused 3ms+7ms
    01-13 01:07:27.333 D/lights ( 244): set_light_buttons: brightness=0
    01-13 01:07:27.383 W/InputManagerService( 244): Window already focused, ignoring focus gain of: com.android.internal.view.IInputMethodClient$Stub$Proxy@2b3e5438
    01-13 01:07:27.463 D/CustomizationProvider( 3604): openFile -- START uri=content://com.sonyericsson.provider.customization/settings/com.sonyericsson.textinput.uxp
    01-13 01:07:27.463 I/CustomizationProvider( 3604): No configuration file: /system/etc/customization/settings/com/sonyericsson/textinput/uxp/custom_settings.xml
    01-13 01:07:27.713 W/hdmidisplay( 244): Java_com_sonyericsson_hdmi_controlservice_HDMIDisplay_JNISetHDMIOutput!
    01-13 01:07:27.713 W/hdmidisplay( 244): [HDMI] JNISetHDMIOutput() : CMD_HDMI_POWER_ON
    01-13 01:07:27.723 I/hdmid ( 235): HDMID Version [0.026.6.0]
    01-13 01:07:29.254 V/AudioService( 244): HDMI disconnected
    01-13 01:07:29.254 W/AudioPolicyManager( 138): setDeviceConnectionState() device not connected: 800
    01-13 01:07:29.763 E/kernel ( 130): [ 9160.016967] msm_i2c msm_i2c.0: (0076) Error during data xfer (-5)
    01-13 01:07:36.483 D/dalvikvm( 1865): GC_EXPLICIT freed 244K, 51% free 3789K/7687K, external 14899K/16738K, paused 93ms
    01-13 01:07:41.483 D/dalvikvm( 916): GC_EXPLICIT freed 25K, 56% free 2998K/6663K, external 1695K/2207K, paused 85ms
    01-13 01:07:46.483 D/dalvikvm( 3604): GC_EXPLICIT freed 27K, 52% free 2620K/5379K, external 1685K/2133K, paused 83ms
    01-13 01:07:50.763 D/lights ( 244): set_light_backlight: brightness=20
    01-13 01:07:51.503 D/dalvikvm( 6135): GC_EXPLICIT freed 441K, 52% free 2866K/5895K, external 1685K/2133K, paused 105ms
    01-13 01:07:56.563 D/dalvikvm( 5774): GC_EXPLICIT freed 126K, 44% free 4120K/7303K, external 1685K/2133K, paused 154ms
    01-13 01:07:58.093 D/lights ( 244): set_light_backlight: brightness=0
    01-13 01:07:58.103 I/power ( 244): *** set_screen_state 0
    01-13 01:07:58.113 D/DASH - select( 244): sensors_select_callback: select canceled by request
    01-13 01:07:58.123 D/kernel ( 130): [ 9188.361145] request_suspend_state: sleep (0->3) at 9174313156896 (2015-01-13 03:07:58.106536885 UTC)
    01-13 01:07:58.123 D/kernel ( 130): [ 9188.361846] as3676 0-0040: as3676_early_suspend
    01-13 01:07:58.273 W/hdmidisplay( 244): Java_com_sonyericsson_hdmi_controlservice_HDMIDisplay_JNISetActionSafe!
    01-13 01:07:58.283 W/hdmidisplay( 244): [HDMI] JNISetActionSafe() : 50
    01-13 01:07:58.283 W/hdmidisplay( 244): Java_com_sonyericsson_hdmi_controlservice_HDMIDisplay_JNISetHDMIOutput!
    01-13 01:07:58.283 W/hdmidisplay( 244): [HDMI] JNISetHDMIOutput() : CMD_HDMI_DTV_OFF
    01-13 01:07:58.323 D/kernel ( 130): [ 9188.567993] mdp4_dtv_on: <ID=0 1280x720 (110,40,220), (5,5,20) 74MHz>
    01-13 01:07:58.453 W/hdmidisplay( 244): Java_com_sonyericsson_hdmi_controlservice_HDMIDisplay_JNISetHDMIOutput!
    01-13 01:07:58.453 W/hdmidisplay( 244): [HDMI] JNISetHDMIOutput() : CMD_HDMI_POWER_OFF
    01-13 01:07:58.463 D/kernel ( 130): [ 9188.708007] mdp4_dtv_off
    01-13 01:07:58.556 D/SurfaceFlinger( 244): About to give-up screen, flinger = 0x254710
    01-13 01:07:59.213 D/kernel ( 130): [ 9189.458129] active wake lock bq24185_watchdog_lock
    01-13 01:07:59.213 D/kernel ( 130): [ 9189.458190] active wake lock usb_bus_active
    01-13 01:07:59.213 D/kernel ( 130): [ 9189.458221] active wake lock msm_otg
    01-13 01:07:59.213 D/kernel ( 130): [ 9189.458282] active wake lock wifi_rx_wake, time left 58
    01-13 01:08:08.403 D/dalvikvm( 5223): GC_EXPLICIT freed 105K, 51% free 2650K/5379K, external 1685K/2133K, paused 83ms
    01-13 01:08:13.403 D/dalvikvm( 5861): GC_EXPLICIT freed 22K, 51% free 2683K/5447K, external 1685K/2133K, paused 79ms
    01-13 01:08:18.413 D/dalvikvm( 5843): GC_EXPLICIT freed 2K, 52% free 2598K/5379K, external 1685K/2133K, paused 94ms
    01-13 01:08:42.663 D/kernel ( 130): [ 9232.909423] bq27520 0-0055: bq27520_handle_soc_worker() capacity=72 (72) flags=0x138 ctrl_status=0x28d soh_state=0x2, valid=1
    01-13 01:08:43.721 D/KeyguardViewMediator( 244): wakeWhenReadyLocked(26)
    01-13 01:08:43.723 D/lights ( 244): set_light_buttons: brightness=255
    01-13 01:08:43.723 I/power ( 244): *** set_screen_state 1
    01-13 01:08:43.723 D/lights ( 244): set_light_backlight: brightness=255
    01-13 01:08:43.733 E/kernel ( 130): [ 9233.980773] simple_remote_pf simple_remote_pf.0: simple_remote_pf_button_handler - Button callback not registered
    01-13 01:08:43.733 D/kernel ( 130): [ 9233.984436] request_suspend_state: wakeup (3->0) at 9219936417376 (2015-01-13 03:08:43.729827882 UTC)
    01-13 01:08:43.733 I/AKMD2 ( 135): akmd2 : Compass Opened.
    01-13 01:08:43.743 D/kernel ( 130): [ 9233.995635] AKM8975 AKECS_GetOpenStatus returned (1)
    01-13 01:08:43.743 D/kernel ( 130): [ 9233.998168] Enabled VREG "wlan" at 2900 mV
    01-13 01:08:43.753 D/kernel ( 130): [ 9234.004516] Disabled VREG "wlan"
    01-13 01:08:43.763 D/kernel ( 130): [ 9234.011810] Enabled VREG "wlan" at 2900 mV
    01-13 01:08:43.763 D/kernel ( 130): [ 9234.017608] AKM8975 AKECS_GetCloseStatus returned (0)
    01-13 01:08:43.773 D/kernel ( 130): [ 9234.018737] Disabled VREG "wlan"
    01-13 01:08:43.793 D/DASH - select( 244): sensors_select_callback: select canceled by request
    01-13 01:08:43.793 D/DASH - select( 244): sensors_select_callback: select canceled by request
    01-13 01:08:43.793 D/DASH - select( 244): sensors_select_callback: select canceled by request
    01-13 01:08:43.803 D/kernel ( 130): [ 9234.052825] Enabled VREG "wlan" at 2900 mV
    01-13 01:08:43.813 D/kernel ( 130): [ 9234.060607] Disabled VREG "wlan"
    01-13 01:08:43.823 I/AKMD2 ( 135): akmd2 : Compass Closed.
    01-13 01:08:43.923 E/kernel ( 130): [ 9234.177398] simple_remote_pf simple_remote_pf.0: simple_remote_pf_button_handler - Button callback not registered
    01-13 01:08:43.923 E/wpa_supplicant( 4567): ERROR - wpa_driver_tista_private_send - error sending Wext private IOCTL to STA driver (ioctl_cmd = 8000306, res = -1, errno = 95)
    01-13 01:08:43.923 E/wpa_supplicant( 4567): ERROR - Failed to handle rx data filter command!
    01-13 01:08:43.923 E/wpa_supplicant( 4567): ERROR - wpa_driver_tista_private_send - error sending Wext private IOCTL to STA driver (ioctl_cmd = 8000306, res = -1, errno = 95)
    01-13 01:08:43.923 E/wpa_supplicant( 4567): ERROR - Failed to handle rx data filter command!
    01-13 01:08:43.923 E/wpa_supplicant( 4567): ERROR - wpa_driver_tista_private_send - error sending Wext private IOCTL to STA driver (ioctl_cmd = 8000306, res = -1, errno = 95)
    01-13 01:08:43.923 E/wpa_supplicant( 4567): ERROR - Failed to handle rx data filter command!
    01-13 01:08:43.995 D/SurfaceFlinger( 244): Screen about to return, flinger = 0x254710
    01-13 01:08:44.003 D/kernel ( 130): [ 9234.249908] as3676 0-0040: as3676_late_resume
    01-13 01:08:47.453 D/lights ( 244): set_light_buttons: brightness=0
    01-13 01:08:47.503 W/InputManagerService( 244): Window already focused, ignoring focus gain of: com.android.internal.view.IInputMethodClient$Stub$Proxy@2b3a3278
    01-13 01:08:47.573 D/CustomizationProvider( 3604): openFile -- START uri=content://com.sonyericsson.provider.customization/settings/com.sonyericsson.textinput.uxp
    01-13 01:08:47.573 I/CustomizationProvider( 3604): No configuration file: /system/etc/customization/settings/com/sonyericsson/textinput/uxp/custom_settings.xml
    01-13 01:08:47.905 W/hdmidisplay( 244): Java_com_sonyericsson_hdmi_controlservice_HDMIDisplay_JNISetHDMIOutput!
    01-13 01:08:47.905 W/hdmidisplay( 244): [HDMI] JNISetHDMIOutput() : CMD_HDMI_POWER_ON
    01-13 01:08:47.923 I/hdmid ( 235): HDMID Version [0.026.6.0]
    01-13 01:08:49.443 V/AudioService( 244): HDMI disconnected
